{"id":3023,"date":"2023-01-31T09:36:34","date_gmt":"2023-01-31T07:36:34","guid":{"rendered":"http:\/\/kurikankorvenkavijat.net\/?page_id=3023"},"modified":"2026-02-23T09:33:30","modified_gmt":"2026-02-23T07:33:30","slug":"yhteystiedot-2","status":"publish","type":"page","link":"https:\/\/kurikankorvenkavijat.net\/?page_id=3023","title":{"rendered":"Yhteystiedot"},"content":{"rendered":"<h2 style=\"text-align: left;\">Pestit vuonna 2026<\/h2>\n<p><strong>Lippukunnanjohtaja\u00a0<\/strong>Minna Huhtala<br \/>\n<span class=\"hb\" translate=\"no\"><span class=\"g2\" data-hovercard-id=\"pia.nora.isomaki@gmail.com\" data-hovercard-owner-id=\"104\">minna.huhtala@partio.fi<\/span><\/span><\/p>\n<p><strong>Apulaislippukunnanjohtaja<\/strong> Pia-Nora Isom\u00e4ki<\/p>\n<p><strong>Kuksa-vastaava (j\u00e4senkorttiasiat)<\/strong> Tuija Kes\u00e4l\u00e4<br \/>\ntuija.kesala@gmail.com, 0405032603<\/p>\n<p><strong>Sihteeri <\/strong>Elina Koski-S\u00e4ntti<br \/>\nelina.koskisantti@gmail.com, 0405824187<\/p>\n<p><strong>Rahastonhoitaja<\/strong> Heidi M\u00e4kilaine<\/p>\n<p><strong>Pestijohtaja<\/strong> Tuija Kes\u00e4l\u00e4<\/p>\n<p><strong>Ohjelmajohtaja<\/strong> Elina Koski-S\u00e4ntti<\/p>\n<p><strong>Tiedotusvastaava <\/strong>Minna Huhtala<\/p>\n<p><strong>Kolovastaavat <\/strong>Matti Huhtala ja Iisakki Kohtanen<\/p>\n<p><strong>Varastop\u00e4\u00e4llik\u00f6t<\/strong>\u00a0 Matti Huhtala ja Iisakki Kohtanen<\/p>\n<p><strong>Majap\u00e4\u00e4llikk\u00f6<\/strong>\u00a0Harri Kyt\u00f6l\u00e4<\/p>\n<p><strong>Aittakaapinhoitaja<\/strong> Elina Koski-S\u00e4ntti<\/p>\n<p><strong>Nettisivuvastaava<\/strong> Elina Koski-S\u00e4ntti<\/p>\n<p><strong>Webmaster <\/strong>Pekka Alanen<\/p>\n<p><strong>Leikekirjanpit\u00e4j\u00e4\u00a0<\/strong>Anu Risku<\/p>\n","protected":false},"excerpt":{"rendered":"<p>Pestit vuonna 2026 Lippukunnanjohtaja\u00a0Minna Huhtala minna.huhtala@partio.fi Apulaislippukunnanjohtaja Pia-Nora Isom\u00e4ki Kuksa-vastaava (j\u00e4senkorttiasiat) Tuija Kes\u00e4l\u00e4 tuija.kesala@gmail.com, 0405032603 Sihteeri Elina Koski-S\u00e4ntti elina.koskisantti@gmail.com, 0405824187 Rahastonhoitaja Heidi M\u00e4kilaine Pestijohtaja Tuija Kes\u00e4l\u00e4 Ohjelmajohtaja Elina Koski-S\u00e4ntti Tiedotusvastaava Minna Huhtala Kolovastaavat Matti Huhtala ja Iisakki Kohtanen Varastop\u00e4\u00e4llik\u00f6t\u00a0 Matti Huhtala ja Iisakki Kohtanen Majap\u00e4\u00e4llikk\u00f6\u00a0Harri Kyt\u00f6l\u00e4 Aittakaapinhoitaja Elina Koski-S\u00e4ntti Nettisivuvastaava Elina Koski-S\u00e4ntti Webmaster Pekka Alanen [&hellip;]<\/p>\n","protected":false},"author":2,"featured_media":0,"parent":66,"menu_order":0,"comment_status":"closed","ping_status":"closed","template":"","meta":{"footnotes":""},"class_list":["post-3023","page","type-page","status-publish","hentry"],"_links":{"self":[{"href":"https:\/\/kurikankorvenkavijat.net\/index.php?rest_route=\/wp\/v2\/pages\/3023","targetHints":{"allow":["GET"]}}],"collection":[{"href":"https:\/\/kurikankorvenkavijat.net\/index.php?rest_route=\/wp\/v2\/pages"}],"about":[{"href":"https:\/\/kurikankorvenkavijat.net\/index.php?rest_route=\/wp\/v2\/types\/page"}],"author":[{"embeddable":true,"href":"https:\/\/kurikankorvenkavijat.net\/index.php?rest_route=\/wp\/v2\/users\/2"}],"replies":[{"embeddable":true,"href":"https:\/\/kurikankorvenkavijat.net\/index.php?rest_route=%2Fwp%2Fv2%2Fcomments&post=3023"}],"version-history":[{"count":11,"href":"https:\/\/kurikankorvenkavijat.net\/index.php?rest_route=\/wp\/v2\/pages\/3023\/revisions"}],"predecessor-version":[{"id":3062,"href":"https:\/\/kurikankorvenkavijat.net\/index.php?rest_route=\/wp\/v2\/pages\/3023\/revisions\/3062"}],"up":[{"embeddable":true,"href":"https:\/\/kurikankorvenkavijat.net\/index.php?rest_route=\/wp\/v2\/pages\/66"}],"wp:attachment":[{"href":"https:\/\/kurikankorvenkavijat.net\/index.php?rest_route=%2Fwp%2Fv2%2Fmedia&parent=3023"}],"curies":[{"name":"wp","href":"https:\/\/api.w.org\/{rel}","templated":true}]}}